is the hundreds digit of l(-5)?
1
Suppose -j + 14 = 3*p - 3*j, 2*p - 4*j = 20. Suppose -3*d = -2*u - u - 39, p*d - 23 = u. What is the tens digit of d?
1
Suppose -5*u + 30 = -5*y, -u - 3*u - y = -4. Suppose 0 = -u*l - h + 17 + 10, -1 = h. What is the units digit of l?
4
Let h(w) be the third derivative of w**4/12 - w**3/2 + 3*w**2. What is the units digit of h(2)?
1
Let h(f) = -2*f**2 - 3*f - 12 - 14 + 24 + f**3 - 2*f. Let b = -6 + 10. What is the units digit of h(b)?
0
Let h(k) = k**2 + k - 1. Let g(a) = a + 4. Let j be g(-7). Let c be h(j). Suppose 4*z + c*t = 40, -2*z + 6*z - t = 16. What is the units digit of z?
5
Suppose 0 = -2*u - 12 - 2. Suppose -3*t - 10 - 23 = 0. Let z = u - t. What is the units digit of z?
4
Suppose 0 = 3*j - 5 - 1. Suppose -5*a + s - 5 = -3*s, j*s = 5*a + 5. Let z(q) = -6*q - 1. What is the units digit of z(a)?
5
Suppose -3*p - p = 0. Suppose -t + 1 + 3 = p. Suppose 5*i + 8 - 47 = 4*m, -5*m = -t*i + 33. What is the units digit of i?
7
Suppose 0 = -4*b - 5*i - 97 - 6, -4*b = 3*i + 97. Let f = 40 + b. What is the units digit of f?
8
Suppose 3*c = 53 + 10. Let n = -5 + c. What is the units digit of (-17)/(-5) + n/(-40)?
3
Let x(q) = -q**2 + 2. Let g be x(2). Let b(m) = -2*m**3 - 3*m**2 - 2*m. What is the units digit of b(g)?
8
Let k = 13 - -39. Suppose -2*s + 36 = -4*t - 0*s, 2*s = -4*t - k. What is the tens digit of (-1 - t)*(1 + 1)?
2
Let h = 2 + 2. Suppose -5*y = 4*l - 12 - 24, -3*y = -h*l + 68. What is the tens digit of l?
1
Let s(o) = o**2 + 5*o + 5. Let t be s(-5). Suppose -5 - 15 = t*c. Let g = c - -9. What is the units digit of g?
5
Let v be ((-1)/(-2))/((-2)/(-20)). Suppose -3*k + 7*k = v*f + 7, -k + 2*f + 1 = 0. What is the units digit of k?
3
Suppose 0*t - 5*t + 20 = 0. Suppose -3*y = -4*m + 1, 2 = t*y - 2. What is the units digit of -1 + (m - -1 - -10)?
1
Let y be (-2)/(2 + 18/(-8)). Let a be (y + -2)*(-2)/(-6). Suppose a*d - 4 = 8. What is the units digit of d?
6
Let j(d) = 7*d + 1. Let h be j(-4). Let g = -16 - h. What is the tens digit of g?
1
Let w = 83 - 75. What is the units digit of w?
8
Suppose 0 = -4*d - 8 - 0. Let f be d/(-8) + 38/8. Suppose z + 23 = 6*z + 4*a, 0 = 5*z - f*a - 50. What is the units digit of z?
7
Let b be (-3 - 2) + 0 - -2. What is the units digit of 12/(-6) - b/1?
1
Suppose -32*j + 28*j = -88. What is the tens digit of j?
2
Suppose k - 1 = 5. What is the units digit of k?
6
Suppose 3*w - 5*m = -0 - 5, -3*w - 17 = m. Let x be ((-6)/(-7))/(w/(-210)). Suppose -5*l + x = -9. What is the units digit of l?
9
Suppose 0 = p + 4*j + 8, -3*j - 17 = 3*p + 2*j. What is the units digit of 135/6 - 2/p?
3
Let u = -40 - -26. Let r be 7*(10/u + 1). Suppose -2*x - r*x = -68. What is the tens digit of x?
1
Suppose -5*n = -535 - 195. What is the units digit of n?
6
Let d(v) = -12*v - 16. What is the tens digit of d(-22)?
4
Suppose 3*k = -4*l + 2*l + 34, -4*k + 4*l = -32. Suppose 46 = 3*y + k. What is the tens digit of y?
1
Let k(g) = 5*g**2 + 2*g - 1. What is the units digit of k(6)?
1
Suppose -2 = -a + 4. Let p(u) = 6*u. What is the units digit of p(a)?
6
What is the units digit of (-1 + 127)*4/8?
3
Let o(s) = -90*s - 2. What is the units digit of o(-1)?
8
Suppose -n + 2 + 3 = 0. Let t be (-2)/n + 126/15. Suppose -10 = -t*a + 3*a. What is the units digit of a?
2
Let g be (-1)/(-3) + (-25)/(-15). Suppose w - 5*w + 21 = 5*l, 4*l = -g*w + 6. What is the units digit of w?
9
Let f(w) = -w**3 - 6*w**2 + 13*w + 12. Let j be f(-8). Suppose -j + 117 = 3*q. What is the tens digit of q?
2
Suppose -2*n = -n - 8. What is the units digit of 94/8 - (-2)/n?
2
Let z(p) = 44*p**3 - 4*p**2 + 3*p - 2. What is the tens digit of z(2)?
4
Suppose -5*h = -3*h + 5*g - 18, 2*g = 4*h + 12. Let k = 1 + h. Suppose k = -5*z - a + 36, 2*a = z - 3*a - 28. What is the units digit of z?
8
Let v = 19 - 21. Let t(h) be the first derivative of -h**4/2 - h**3/3 + 3*h**2/2 + 2*h + 1. What is the units digit of t(v)?
8
Let s be (-10)/(-4)*(-4)/(-5). Suppose -4*w + 99 = 5*m, 3*m - 7*w = -s*w + 52. What is the tens digit of m?
1
Suppose -p + 0*p = -3. Suppose 5*c - 98 = c - p*h, -c + h = -28. What is the tens digit of c?
2
Suppose 0*y + 21 = -b - y, -2*b + 4*y - 12 = 0. Let r = b - -33. What is the units digit of r?
7
Let k be (7 - 3) + 1 + -3. Let d(p) = 1 + 2*p - 5*p**2 + 7*p**2 - 4. What is the units digit of d(k)?
9
Let h = 321 + -182. What is the tens digit of h?
3
Suppose -1 = -w + 1. Suppose 5*a + w = -5*v + 47, 2*a + 32 = 3*v. What is the units digit of v?
0
Let o(h) be the second derivative of -h**4/12 - h**3 - h**2/2 + 2*h. What is the units digit of o(-4)?
7
What is the tens digit of 510/18 + 2/(-6)?
2
Let f = 82 + -37. Suppose 3*i - 36 = f. What is the units digit of i?
7
Let s(w) = 7*w - 33. What is the tens digit of s(9)?
3
Suppose -3*y = -0*y - 165. What is the tens digit of y?
5
Let k = 12 + -27. Let g = k + 25. What is the units digit of g?
0
Let t = 10 - -8. Let q be 4/t - (-32)/18. Suppose 2*b - q = 10. What is the units digit of b?
6
Suppose 5*t + 4*i = 1195, 230 = t - 8*i + 7*i. What is the units digit of t?
5
Let a(l) be the second derivative of l**6/180 + l**5/24 + l**4/6 + l**3/3 + l. Let w(y) be the second derivative of a(y). What is the tens digit of w(-4)?
1
Let w = 5 - 0. Suppose 8 + 7 = w*u. What is the units digit of 7/u + (-2)/6?
2
Let v(r) = r**3 - 6*r**2 + 3*r - 8. What is the units digit of v(6)?
0
Let n = 10 - 3. What is the units digit of n?
7
Suppose 2*a - 145 = -r, -5*r + 794 = 5*a + 74. What is the tens digit of r?
4
Let h(o) = 2*o - 11. What is the tens digit of h(11)?
1
Let q be ((-2)/2)/(5/(-10)). Suppose -3 = p + q. What is the units digit of (-1)/(2 + p + 2)?
1
Let q(x) = -1 + 1 - 4*x. Let i be q(3). Let c = 22 + i. What is the tens digit of c?
1
Let r = 10 - 6. Suppose -20 = -r*k + 4. What is the units digit of k?
6
Suppose -y - 192 = -3*a + 2*y, -76 = -a - 5*y. What is the tens digit of a?
6
Let r(k) be the second derivative of -k**5/20 + 3*k**4/4 - 4*k**3/3 + 6*k**2 - k. Suppose -5*p = v + 7, -7*v = -3*v + 3*p - 23. What is the units digit of r(v)?
2
Suppose -283 = -5*a + 277. What is the hundreds digit of a?
1
Let w = 0 - -5. Suppose -w*c + 5 = -10. Suppose 58 - 16 = c*a. What is the units digit of a?
4
Suppose -5*n + 20 = 0, 2*m + m - 12 = -3*n. Suppose 5*y + 0*i - 63 = -4*i, m = 5*y - 3*i - 84. What is the units digit of y?
5
Let q = 3 - 4. Let d = q + 7. What is the units digit of d?
6
Suppose 5*v + 2*g - 190 - 25 = 0, -5*g + 25 = 0. Suppose a - 5*b + 1 = 0, 0 = -a - 3*a + 5*b + v. What is the tens digit of a?
1
Let s(m) = m - 9. Suppose 5*d + 2*j = -0*j + 49, 0 = -5*d - 5*j + 55. Let t be s(d). Suppose t = 3*u + 20 - 77. What is the units digit of u?
9
Suppose -5*d - 5*f + 25 = 0, -3*d + 2*d - 2*f + 5 = 0. What is the units digit of -3 + (d - (-9)/3)?
5
Let d be 0 - (-2*1 - 1). Suppose 3*v - d = 2*v. Suppose -2*l - v*p + 28 = 3*l, -4*l + 3*p + 17 = 0. What is the units digit of l?
5
Let h = -17 - -11. Let i(s) be the first derivative of s**3/3 + 2*s**2 + 6*s - 1. What is the units digit of i(h)?
8
Suppose 0 = -42*o + 47*o - 215. What is the units digit of o?
3
Suppose -4*j - d + 156 = -178, 4*j = d + 330. What is the tens digit of j?
8
Let f = 325 - 67. What is the hundreds digit of f?
2
Let j(r) = 0*r - 4 + 4*r - 3*r. Let m be j(8). What is the units digit of (2/8)/1*m?
1
Let j be -2 + 1 - -17 - 0. What is the units digit of (60/j)/5*28?
1
Let u be (-3)/(1*3/(-9)). Suppose 5*j = u + 46. What is the units digit of j?
1
Let h be (-3)/4*-44*1. Suppose -5*u + 7 = -h. Suppose -r + u = r. What is the units digit of r?
4
What is the units digit of ((-385)/28)/(1*2/(-24))?
5
Let p(t) = t**2 - 7*t - 6. Let n be p(7). Let r = -1 - n. What is the units digit of r*-1*3/(-5)?
3
Let o = 9 - 3. What is the units digit of o?
6
Let n = 30 + 80. What is the tens digit of n?
1
What is the tens digit of (-226)/(-5) - (-40)/50?
4
Let o = 49 + 152. What is the hundreds digit of o?
2
Let o(r) = 5 - 2*r + r - 11. Let j be o(-4). What is the units digit of (j/(-5))/(1/25)?
0
Let n = -36 - -94. What is the tens digit of n?
5
Let b(d) = d**3 + 17*d**2 + 17*d + 3. What is the tens digit of b(-15)?
9
Let r(s) = -s**2 - 9*s - 7. Let w(a) = -a**2 + 5*a + 4. Let d be w(-3). Let x = d - -12. What is the units digit o